Suppose -2*n - 9*u + 20 = 0, -4*n + 68 - 28 = -4*u. Let k(t) = -t**2 + 3*t + 93. Calculate k(n).
23
Let a(p) = p - 12. Let y be a(14). Let q(m) be the second derivative of -m**6/180 - m**4 + 15*m. Let n(t) be the third derivative of q(t). Give n(y).
-8
Suppose 91 = 6*v + 7. Let h(b) = v*b + b - 6*b - 3. What is h(2)?
15
Let w(s) = -7 + 4 - 18*s**2 + 3*s + s + 1. Let o be w(2). Let u = o - -64. Let p(z) = -5*z - 1. Give p(u).
9
Suppose -84 = -4*b - 2*w + 52, -3*b + 111 = -3*w. Suppose 130 + 45 = b*v. Let z(d) be the third derivative of -d**4/24 - d**3/6 - d**2. Determine z(v).
-6
Let x(j) be the third derivative of j**4/24 + j**3/2 + 42*j**2. Let i(k) = -45*k - 49*k + 93*k - 3. Let a(f) = 3*i(f) + 2*x(f). Determine a(3).
-6
Let v(b) be the second derivative of -b**4/12 + 3*b**3 - 67*b**2/2 - 3062*b. Determine v(7).
10
Let x(u) = -2*u**2 - 4*u + 3. Suppose y + 291 = -2*y. Let o = -95 - y. Let l be (4/(-8))/(o + 9/(-4)). Give x(l).
-13
Let i(m) = -3*m - 31. Suppose 119*r + 165*r + 2272 = 0. What is i(r)?
-7
Let g(d) = d**3 - 9*d**2 + 10*d - 4. Let r = -115 - -134. Suppose r*m - 36 = 116. Calculate g(m).
12
Let m(y) = -6*y**3 - 1. Let z be -89 + (0 - (-10 + 1)/3). Let a = 63 + z. Let h = -24 - a. Determine m(h).
5
Let j(b) = 16*b**2 - 111*b - 6. Let t(g) = -23*g**2 + 233*g - 23. Let y be t(10). What is j(y)?
1
Let w(i) be the first derivative of -i**3/3 + 7*i**2/2 + 5*i + 3. Suppose -2*z - 157 = -x, -2*x + z - 161 + 475 = 0. Suppose -2*v - 143 = -x. Give w(v).
5
Suppose -2*y - 8 = -836. Suppose -9*h = -7*h - y. Let a(t) = 6*t + h + t**2 - 207. What is a(-5)?
-5
Suppose 11 = -2*n + 3. Let j(d) be the third derivative of d**4/8 + 3*d**3/2 - 13*d**2 - 2*d + 1. Determine j(n).
-3
Let d(l) = 6*l - 10*l + l**2 - 8 + 3*l - 4*l + 19*l. Calculate d(-14).
-8
Suppose 0 = -4*i + m + 20, 4*i + 25*m - 16 = 27*m. Let k(c) = -7*c + 16. Let q(g) = 13*g - 30. Let h(y) = i*q(y) + 11*k(y). Give h(-12).
-16
Let h be (7 + 2)/3 + 0. Let g(i) = -3*i**3 + h*i**2 + 7*i + 2*i**2 + 2*i**3 + 13 - 15. Suppose 2*j - 5*r = 52 - 20, 0 = 5*j - 2*r - 38. Determine g(j).
4
Let t(k) = -5*k - 103. Let q be t(-21). Let s(d) = -4*d + 36*d**2 - 35*d**q + 2*d. Let y(x) = x - 3. Let f be y(7). Give s(f).
8
Let h = 336 + -327. Let p be (h - 7)/2 - -3. Let w(a) = a**3 - 3*a**2 - 4. Calculate w(p).
12
Let k(c) be the third derivative of 0*c**3 - 1/120*c**6 - 46*c**2 + 0 + 0*c**4 + 1/60*c**5 + 0*c. Give k(-1).
2
Suppose 0 = 2*p + 4*v - 12, -18 = -4*p - 0*p - 2*v. Let m(r) = r**3 - 76*r - p + 72*r + 7. Let f(h) = -h - 5. Let n be f(-8). Calculate m(n).
18
Let u = -1411 - -1416. Let b be 0 - 1 - (-4 + 1). Let n(t) = b*t + 0 - t + u. What is n(0)?
5
Let k(v) = -13*v - 54. Suppose -18 = 2*o - 588*s + 590*s, -2*o + 3*s = 3. What is k(o)?
24
Let j(p) = p**2 + 4*p - 6. Suppose -2*m - 42 = 4*i, -m + 27*i - 30 = 32*i. Let q be -10 - (m/6)/((-1)/(-2)). Calculate j(q).
-1
Let l(v) = v**3 + v**2 - v - 3. Let b(g) = g**3 + 13*g**2 - 63*g + 85. Let h be b(-17). Calculate l(h).
-3
Let z(h) = 17*h**3 - 4*h**2 + 5*h + 4. Let p(g) = -31*g**3 + 9*g**2 - 11*g - 9. Let d(o) = -4*p(o) - 9*z(o). Determine d(1).
-30
Let n(b) be the third derivative of b**7/840 + b**6/120 - b**5/120 - 7*b**4/24 + 6*b**3 - 60*b**2. Let t(p) be the first derivative of n(p). Give t(-3).
-4
Let u(d) = d**3 + 4*d**2 + d - 1. Let f = 166 + -155. Suppose -f*s + s = 40. Calculate u(s).
-5
Suppose -4*i - 3 = 5, 2*d + 10 = -2*i. Let j(z) be the first derivative of -2*z + 1/3*z**3 - 66 + 0*z**2. Give j(d).
7
Let u(q) = -2*q**2 + 16*q + 7. Let p(w) = w**2 - 8*w - 3. Let i(g) = 7*p(g) + 4*u(g). Determine i(9).
-2
Let k be 10/(-2) - (8 - 16). Suppose 5*r - k*m - 25 + 1 = 0, 4*r - 2*m - 20 = 0. Let z(o) = 0 - 2 + 1 - 5 - 6*o + o**2. What is z(r)?
-6
Let d be 5 - (-42)/(-70)*-15. Let k(l) = -l - 6. Determine k(d).
-20
Let t(w) = -9*w**3 - 7*w**2 + 6*w + 6. Let d(z) = 2*z**3 + z**2 - 2*z - 1. Let k(f) = 4*d(f) + t(f). Give k(-3).
8
Let i = -54 - -66. Let d = 15 - i. Let t(b) = 10 - 9 + 4*b**d - 3*b**3 - 2*b**3. Determine t(-2).
9
Let m(j) = j + 14. Suppose -2*v = -5*w - 5, 3*w + 44 = -v + 52. Calculate m(v).
19
Let s(r) = -10*r - 190. Let p(u) = -8*u - 157. Let w(m) = 4*p(m) - 3*s(m). Calculate w(-8).
-42
Let n(p) be the second derivative of 9*p**5/20 + p**4/3 + 2*p**3/3 - 3*p**2/2 - 636*p. What is n(1)?
14
Let k(j) = -19*j - 72. Let y(z) = -38*z - 145. Let w(x) = 11*k(x) - 6*y(x). Determine w(-4).
2
Let j(g) = -g**3 + 75*g**2 - 594*g - 4. Let t be j(66). Let p(o) = -2*o**2 - 5*o - 4. Determine p(t).
-16
Let q(t) = t**2 - 6*t + 2. Let j be q(4). Let i(u) be the third derivative of -u**5/60 - 7*u**4/24 - u**3/6 - 15469*u**2. Calculate i(j).
5
Let y(k) be the first derivative of -k**5/60 - 3*k**4/8 - k**3/2 - 14*k**2 - 166. Let s(r) be the second derivative of y(r). Determine s(-8).
5
Let u(j) = -j**2 + 2. Let a = -59 + 71. Let h be 2*-2 + (4 - a)*-1. Suppose -h*f - 1 = -13. Calculate u(f).
-7
Let o(r) be the third derivative of -1/8*r**4 + 0*r + 1/60*r**5 + 1/3*r**3 - r**2 + 0. Give o(5).
12
Suppose 16 = 5*l - 4*f + 7*f, 2*l + f = 6. Let j be 10*6/(-24)*l. Let z(w) = -w**3 - 6*w**2 - 3*w + 4. What is z(j)?
-6
Let w(v) = v**3 + 17*v**2 - 8*v + 30. Suppose p - u = 8, p + 0*p - 10 = -u. Let n(f) = -4*f**2 + 2*f - 7. Let t(i) = p*n(i) + 2*w(i). Give t(2).
9
Let z(w) = 281 - 3*w - 272 - w**3 + 5*w + 9*w**2 + 7*w. Determine z(10).
-1
Let p(c) = -31*c**2 + 3*c - 1. Let f be p(1). Let d be 5 + -3 + 1 + f + 1. Let j = -24 - d. Let n(y) = -6*y**2. Determine n(j).
-6
Let l(q) be the first derivative of -q - 7/2*q**2 - 45. Determine l(1).
-8
Let f(w) = 10*w. Suppose -2*r + 10 = 0, -5*r = -11*h + 7*h - 41. Determine f(h).
-40
Let a(f) = f**2 - 207*f + 1412. Let h be a(7). Let j(y) = 2*y - 5*y + 2*y + 17. What is j(h)?
5
Let h(i) = -2*i**3 - 41*i**2 - 85*i + 79. Let s be h(-18). Let b(z) = 2*z**2 + 21*z - 24. What is b(s)?
-13
Let l(p) = 2*p - 1. Let h(f) = -f + 2. Let m(v) = -h(v) - l(v). Let x be ((-3)/(-9))/((-3)/(-18)). Let j be (-2 + x)*1/(-2). Give m(j).
-1
Let z(u) = -5 + 18*u**2 + 18172*u**3 - 5*u - 18171*u**3 - 22*u**2 + 1. Calculate z(5).
-4
Let b(v) = -4 - 1040*v**2 + 0 + 8*v + 0 + 1039*v**2. Let m be (1 - 70/20)*(-12)/5. What is b(m)?
8
Let q(l) = 9 - 6*l**3 + 3*l**3 - l + 4*l**3. Let t(z) = -91*z + 910. Let d be t(10). What is q(d)?
9
Let q(u) be the first derivative of u**2/2 + u + 15. Let m(k) = -2*k - 4. Suppose -5 = -b + l - 4, l = 2*b - 2. Let a(w) = b*m(w) + 4*q(w). What is a(6)?
12
Let z(y) = -7*y + 2. Suppose 111 = 586*j - 581*j + 4*l, -5*j = 2*l - 103. Give z(j).
-131
Let q(f) = -7*f**2 - 5*f + 3. Let j(w) = -16*w**2 - 7*w + 5. Let s(c) = -4*j(c) + 9*q(c). Calculate s(17).
7
Let m be -12*((-100)/8)/5. Suppose 22*w = -37*w + 1239. Let t = w - m. Let g(j) = -j**3 - 8*j**2 + 8*j - 10. Give g(t).
-1
Let g = 247/786 - -5/262. Let r(c) be the second derivative of -3/2*c**2 + 0 - 1/12*c**4 + 29*c - g*c**3. Give r(-3).
-6
Let a(x) be the third derivative of -x**5/60 + x**4/3 - x**3/6 + x**2. Let r be 402/670*(1 + 96/9) - 1. What is a(r)?
11
Let o be 19 + -34 - (-21 - 0). Let u(l) = 4*l**2 - 11*l + 15. Calculate u(o).
93
Let w(t) be the third derivative of t**5/60 - 13*t**4/24 - 3*t**3 + 1032*t**2. Calculate w(14).
-4
Let w(r) = -r - 1. Let u = -23 - -25. Let b be 5 - (3 + 4) - (u + -5). Calculate w(b).
-2
Let z(g) = -g**2 + 11*g + 3. Suppose j = 2*v - 17, -6*v = -9*v - 10*j + 14. Calculate z(v).
27
Let i(d) = d**3 + 3*d**2 + 3*d. Let g be i(-3). Let l = g - -7. Let m(q) = 10*q**2 + q - 1. Calculate m(l).
37
Suppose -7 + 1 = -3*r. Let o be (r/(-4))/((-3)/(-30)). Let q(x) = 4*x + 5 - 49796*x**2 + 24892*x**2 + 24905*x**2. Give q(o).
10
Let c(l) be the second derivative of -l**5/10 - 7*l**4/4 - 7*l**3/6 + 31*l**2/2 + 289*l + 1. Determine c(-10).
1
Let z = 48 + -38. Suppose 4*g - 5*d = 11, -g - 2*d = g - z. Suppose w = g*w. Let i(a) = a + 12. What is i(w)?
12
Suppose -2*m - 9*h - 6 = -5*h, -3*h + 13 = 4*m. Let r(u) = 5 + 3 + 1 + m*u - 7. What is r(-2)?
-12
Suppose -s - 14 = 2*m, -434*m + 9 = -437*m - 3*s. Let b(c) = 13*c - 9. What is b(m)?
-152
Let j = 4138 + -4146. Let m(g) = -g**3 - 8*g**2 + 8*g + 12. What is m(j)?
-52
Let t be ((-6)/3 - -8)/(9/33). Suppose -25 = -27*b + t*b. Let h(x) = x**2 - 2*x - 4. Give h(b).
11
Let b(h) = -h**3 - h**2 + 7*h - 1.